 k(n). Let c = z - 19. List the prime factors of c.
11
Let x(t) = t**3 + 2*t**2 - t + 2. Let h be x(-2). What are the prime factors of ((-5 + h)*-33)/1?
3, 11
Suppose 5*m + b - 268 = 0, -m + 4*m - 147 = 4*b. What are the prime factors of m?
53
What are the prime factors of (490/4)/((15/6)/5)?
5, 7
Suppose 3*f - 18 = -5*m, 0*m = -3*m + f + 8. Let y be 6*1/(m/(-9)). List the prime factors of y/(-12)*4/3.
2
Let h(p) = 3 - 5 - 3*p**2 + 1 - 4*p + p**3. Let m be h(4). What are the prime factors of m/((1/(-3))/1)?
3
Suppose 4*p - 4*g - 23 = -p, 0 = -g + 3. Let v = -5 + p. Suppose v*s + s = 15. List the prime factors of s.
5
Suppose -3*x + 412 = 91. List the prime factors of x.
107
Suppose h - 4*x + 10 = 0, 2*h = 6*h + 2*x + 22. List the prime factors of 5/((-15)/h) - 0.
2
Suppose -2*m + 4*m = 10. Suppose -m*r + 1 = -14. What are the prime factors of r?
3
Suppose -4*s + 1 = -3. Let a be 1*s/((-2)/(-30)). Suppose j + f - a = 0, -3*f - 2*f = -5*j + 75. List the prime factors of j.
3, 5
Suppose -82 = 2*l - 0*l. Let m be (l/(-2))/((-2)/(-4)). Suppose 3 + m = 4*t. List the prime factors of t.
11
Let z = -15 - -34. Let y = z + -11. What are the prime factors of y?
2
Let o(a) = -a**3 + 10*a**2 + 13*a + 10. What are the prime factors of o(11)?
2
Let i(c) = 10*c + 2. Suppose 0*j + j = 3. Let l(g) = g - 1. Let w(u) = j*l(u) + i(u). What are the prime factors of w(1)?
2, 3
Suppose 4*v - 87 = 41. Let l = v - 12. List the prime factors of l.
2, 5
Let l(q) = -1. Let h(y) = -2*y**2 - 3*y - 6. Let n(d) = -h(d) + 4*l(d). Suppose -4*b - 4*k + 0*k + 8 = 0, -5 = -k. What are the prime factors of n(b)?
11
Let n = 30 + -14. Let i = n + -8. What are the prime factors of i?
2
Let a = -28 + 19. Let q(y) = -7*y**3 - 16*y**2 + 18*y + 4. Let o(j) = -4*j**3 - 8*j**2 + 9*j + 2. Let g(p) = -5*o(p) + 3*q(p). List the prime factors of g(a).
2
Suppose -6*k + 4*d + 442 = -4*k, 3*k = d + 678. List the prime factors of k.
227
Suppose 3 + 5 = -4*g. What are the prime factors of 1/(g/(-38)) - 0?
19
Suppose 2*d - 91 = 3*i, -9 = -4*i + i. List the prime factors of d.
2, 5
Let k be 122*(-3 + 1)/(-2). Suppose 2*f + 9*t = 4*t + 50, -4*f = -t - k. Suppose 6*g - 3*g = f. List the prime factors of g.
2, 5
Let f(m) be the third derivative of -m**4/24 + 19*m**3/6 + m**2. What are the prime factors of f(0)?
19
List the prime factors of -488*((15/(-5))/(-6))/(-1).
2, 61
Suppose l + 2 = 6. Suppose -4 = -4*j - l*s, 3*j + 2 = 2*j - 2*s. Suppose 0 = n + 1 - 0, -j*d + 21 = -5*n. List the prime factors of d.
2
Let y(w) = -w**3 + 3*w**2 + 4*w + 2. Let a = 2 + 2. What are the prime factors of y(a)?
2
Let v(n) = n**3 + 16. Let l be v(0). Suppose 0 = 5*d - 5*w + 1 - l, -d - 2*w = -6. Suppose 0*a - 64 = -d*a. List the prime factors of a.
2
Let j(f) = -f**3 - 10*f**2 - 9*f + 2. Let t be j(-9). Let x be -3 + (26 - t)/3. Suppose 5*a = 3*m - 35, -3*a - 17 = -x*m + 52. List the prime factors of m.
3, 5
Suppose -3*r + 2 = -4. Suppose 3*z - 4*k - 21 = -0, r*k = 3*z - 15. What are the prime factors of z?
3
Let p = 49 - 18. List the prime factors of p.
31
Let f be (-216)/(-56) - 2/(-14). Suppose f*w - 44 = 2*w. List the prime factors of w.
2, 11
What are the prime factors of 1*(-1 - -56)*1?
5, 11
Let b be 2 + -1 + 2*-2. Let k(d) = 7*d - 3. Let q(j) = -6*j + 3. Let f(w) = 5*k(w) + 6*q(w). List the prime factors of f(b).
2, 3
Let p be (4/(-8))/(1/2). What are the prime factors of ((-26)/((-2)/(-1)))/p?
13
Suppose -110 - 72 = -u. What are the prime factors of u?
2, 7, 13
Let u(j) = -4*j - 3 + 0 + j. Suppose -4*i = -i + 6. What are the prime factors of u(i)?
3
Suppose w + 5 = 3. Let l be 6 + -3 + 0/w. List the prime factors of -11*((-1 - l) + 3).
11
Let u(h) = 80*h**2 - h - 1. List the prime factors of u(-1).
2, 5
Let u(g) be the second derivative of g**4/4 + g**3/3 + g**2/2 - 2*g. Let i be u(-1). Suppose -b + 0 + i = 0. What are the prime factors of b?
2
Let i be -2 - ((-1 - -2) + -13). Let o = 14 + i. Suppose -o = -4*v + 24. List the prime factors of v.
2, 3
Let w(u) = u**3 - 22*u**2 + 21*u + 38. List the prime factors of w(21).
2, 19
Let o be 4/30 + 4/(-30). Suppose o*q + 20 = 4*q. What are the prime factors of q?
5
Suppose -3*c + 0 = -15. Suppose c*o - 49 = -2*s, -3*s + 2*o + 94 = 11. List the prime factors of s.
3
Suppose -2*t + 5*q - 3 = -4*t, -4*t + 3*q = -19. Suppose 0 = -g - 4*r + 4, g - 6*g + t*r = 4. Suppose g*o + o = 10. What are the prime factors of o?
2, 5
Let s = 122 - 105. What are the prime factors of s?
17
Let k = 17 - 3. Suppose 3*z - 29 = -3*v - 8, 0 = 5*v - 5*z + 15. Suppose -3*a + k = -v*a. List the prime factors of a.
2, 7
Let x(f) = -f**3 - 8*f**2 - 5*f + 11. Let m be x(-7). Let q(u) = 0*u**3 - 2 - 2*u**2 + u - u**3 - 1. List the prime factors of q(m).
3
Suppose 3*g + 6 = 6*g. Let d(i) = 5 + 6*i + 2*i**g + 0 - 3*i**2. List the prime factors of d(5).
2, 5
Let d(p) = -2*p**3 - 4*p**2 - 2*p - 2. Let v be d(-3). Let g = -4 + v. Let f = g + -1. What are the prime factors of f?
17
Let i(r) be the third derivative of -r**5/60 + r**4/4 - r**3/3 + 2*r**2. Let d be i(6). What are the prime factors of ((-20)/6)/(d/6)?
2, 5
Let a(z) = -z. Let g(t) = 12*t**2 - t - 1. Let r be g(-1). Suppose -4*h - r = 4. What are the prime factors of a(h)?
2
Let j(q) = -4*q + 9. Let s be j(-10). Let n = -34 + s. List the prime factors of n.
3, 5
Let c = -56 + 35. Suppose 3*x - 81 = 18. Let n = x + c. What are the prime factors of n?
2, 3
Let q(y) = -y**3 - 11*y**2 + 5*y + 29. What are the prime factors of q(-12)?
113
Let o(f) = -24*f + 1. What are the prime factors of o(-5)?
11
Let l(n) = n**3 + 8*n**2 + 4*n + 7. Let f be l(-7). List the prime factors of (-216)/(-28) - (-8)/f.
2
Let y(w) = -2*w**2 + w + 1. Let s(b) = -4*b**2 + 2*b + 3. Let u = 6 + -11. Let g(p) = u*y(p) + 2*s(p). What are the prime factors of g(2)?
7
Let n(k) = -5*k - 7. Let r(u) = -5*u**2 + u + 1. Let a be r(-1). Let t be a + 0/((-6)/(-2)). What are the prime factors of n(t)?
2, 3
What are the prime factors of 24/(-16)*816/(-9)?
2, 17
Suppose 140 = 5*h - 2*i - 283, -h + i = -87. List the prime factors of h.
83
Suppose -4*l - 16 = 72. Let u = l + 40. What are the prime factors of u?
2, 3
Suppose 6 = 2*n - 0. Let w be 3/(1 + n + -3). What are the prime factors of (70/(-21))/((-2)/w)?
5
Suppose -2*p = 4, p = 3*v - 0*v - 29. What are the prime factors of v?
3
Let g be 14/6 + 2/(-6). Let a(p) = 7*p**2 - 4*p + 3. Let n be a(g). Let i = n - 16. What are the prime factors of i?
7
Let j(c) = 31*c**3 + c**2 - c + 3. What are the prime factors of j(2)?
11, 23
Let m(s) = -5*s - 1. Let v be m(2). Let w(i) = i**3. Let z be w(1). List the prime factors of -3 - v - -2*z.
2, 5
Let j(o) = 7*o - 17. List the prime factors of j(10).
53
Suppose 30 = o + 5*n, -4*o = -0*o + 5*n - 135. List the prime factors of o.
5, 7
Let u(b) = 5*b**2 + 6 + b - 6 - 5*b - 3. List the prime factors of u(-2).
5
What are the prime factors of 19 + 5/(20/8)?
3, 7
Suppose 0 = -v + 2 - 5, -4*v = -5*g + 162. Suppose -3*m = -m. Suppose 2*t = -m*t + g. List the prime factors of t.
3, 5
Let l(j) = -j + 2. Let r be l(-5). Let o = r - 3. Suppose -o*p + 57 = 9. List the prime factors of p.
2, 3
Let v = -71 - -171. What are the prime factors of v?
2, 5
Let h(g) = -g**2 + 17*g - 24. List the prime factors of h(5).
2, 3
Let t(p) = 2*p - 4. Let r be t(-3). Let z = 6 + r. What are the prime factors of ((-48)/15)/z*5?
2
Let a be (6/(-2))/((-4)/(-20)). Suppose -120 = 5*b - 0*b. Let s = a - b. What are the prime factors of s?
3
Suppose 14*x - 7*x = 980. What are the prime factors of x?
2, 5, 7
Let s(u) = -u**3 + 6*u**2 + 10*u - 6. Let z be s(7). Suppose 3*o - z = -0*o. What are the prime factors of o?
5
Let x(o) = o**3 - 4*o**2 - 6*o + 5. Let b be (-6)/2 - (0 + -9). List the prime factors of x(b).
41
Suppose 0*q - 5*t = 3*q - 169, -q + 5*t = -43. List the prime factors of q.
53
Let v(o) = -o**3 + o**2 - 2*o + 6. Let x(y) = y**3 + y - 3. Let r(g) = -3*v(g) - 5*x(g). Let a be r(-3). What are the prime factors of 0 + (-4)/(-6)*a?
2, 7
Suppose -19*c - 356 = -21*c. List the prime factors of c.
2, 89
Let g(b) = b**3 - 2*b**2 + 4 + 0*b**3 + 6*b - 4*b**2. Let u be ((-2)/3)/(26/(-195)). List the prime factors of g(u).
3
Suppose 3*g = 12, h - g + 13 = -2*h. Let p = -1 - h. Suppose 3*k - 20 = 4*f, 4*k = -p*f + 7 + 5. What are the